at is the hundred thousands digit of 514299591?
2
What is the ten millions digit of 45845400?
4
What is the hundred thousands digit of 7036677080?
6
What is the hundred thousands digit of 48646113?
6
What is the ten thousands digit of 36752282?
5
What is the hundred thousands digit of 1729458461?
4
What is the hundred millions digit of 206706693?
2
What is the hundred millions digit of 149528467?
1
What is the units digit of 1617221013?
3
What is the units digit of 3455122906?
6
What is the ten thousands digit of 54016526?
1
What is the tens digit of 3374327265?
6
What is the hundreds digit of 101004557?
5
What is the ten thousands digit of 52981502?
8
What is the hundreds digit of 6139020?
0
What is the hundred millions digit of 2715415746?
7
What is the ten millions digit of 6296589369?
9
What is the thousands digit of 88413696?
3
What is the ten millions digit of 737105617?
3
What is the hundred millions digit of 5036376955?
0
What is the hundreds digit of 3678089022?
0
What is the billions digit of 1616134267?
1
What is the millions digit of 397117053?
7
What is the units digit of 343609965?
5
What is the ten millions digit of 44818527?
4
What is the millions digit of 189607301?
9
What is the ten thousands digit of 79761586?
6
What is the ten millions digit of 48873374?
4
What is the hundreds digit of 515891838?
8
What is the hundred thousands digit of 6559357583?
3
What is the hundred thousands digit of 574458885?
4
What is the hundred millions digit of 1154063838?
1
What is the billions digit of 5014424273?
5
What is the tens digit of 37716015?
1
What is the ten thousands digit of 91283293?
8
What is the billions digit of 6480066587?
6
What is the millions digit of 3529628663?
9
What is the units digit of 8628979556?
6
What is the hundred thousands digit of 43983329?
9
What is the tens digit of 346490808?
0
What is the hundreds digit of 1132083844?
8
What is the hundred thousands digit of 179356034?
3
What is the thousands digit of 205918676?
8
What is the units digit of 8323762876?
6
What is the hundreds digit of 140530005?
0
What is the hundreds digit of 140399879?
8
What is the ten millions digit of 291596722?
9
What is the ten millions digit of 717136893?
1
What is the ten millions digit of 135276417?
3
What is the tens digit of 428676462?
6
What is the hundreds digit of 494480433?
4
What is the ten millions digit of 1280279403?
8
What is the tens digit of 22789768?
6
What is the tens digit of 7497198337?
3
What is the ten thousands digit of 50846790?
4
What is the tens digit of 259353494?
9
What is the units digit of 21868339?
9
What is the hundreds digit of 788125?
1
What is the tens digit of 3087380161?
6
What is the units digit of 2699903056?
6
What is the units digit of 1277564870?
0
What is the tens digit of 24660850?
5
What is the hundred thousands digit of 12486559?
4
What is the millions digit of 11954953?
1
What is the thousands digit of 6872695?
2
What is the ten millions digit of 102101622?
0
What is the millions digit of 62844717?
2
What is the tens digit of 5701796?
9
What is the ten thousands digit of 421501834?
0
What is the millions digit of 41772056?
1
What is the hundreds digit of 106454437?
4
What is the thousands digit of 22950670?
0
What is the hundreds digit of 378675580?
5
What is the units digit of 994628702?
2
What is the ten thousands digit of 222072682?
7
What is the hundred thousands digit of 38258062?
2
What is the ten millions digit of 34339593?
3
What is the ten millions digit of 138683873?
3
What is the ten thousands digit of 452547440?
4
What is the hundreds digit of 92217389?
3
What is the units digit of 4197184522?
2
What is the hundred millions digit of 233286560?
2
What is the tens digit of 34342621?
2
What is the ten thousands digit of 37951607?
5
What is the hundreds digit of 1226165953?
9
What is the units digit of 40359111?
1
What is the ten thousands digit of 271013038?
1
What is the hundred thousands digit of 317474164?
4
What is the millions digit of 50902925?
0
What is the millions digit of 2470551977?
0
What is the hundreds digit of 1568592883?
8
What is the ten millions digit of 131051275?
3
What is the millions digit of 31546242?
1
What is the ten thousands digit of 3386834357?
3
What is the hundred millions digit of 4600174115?
6
What is the hundred thousands digit of 873325025?
3
What is the thousands digit of 59675390?
5
What is the ten millions digit of 1678958891?
7
What is the units digit of 80621994?
4
What is the hundreds digit of 120633302?
3
What is the tens digit of 6573711208?
0
What is the tens digit of 591838989?
8
What is the hundred millions digit of 139515341?
1
What is the millions digit of 525334939?
5
What is the hundred millions digit of 1879324391?
8
What is the hundred millions digit of 960967351?
9
What is the hundred thousands digit of 1448499996?
4
What is the millions digit of 1331534730?
1
What is the hundred millions digit of 124061630?
1
What is the thousands digit of 62643509?
3
What is the ten millions digit of 633641914?
3
What is the millions digit of 1257516?
1
What is the tens digit of 682005417?
1
What is the ten thousands digit of 244059646?
5
What is the hundreds digit of 981557733?
7
What is the millions digit of 35205396?
5
What is the ten thousands digit of 494743864?
4
What is the ten millions digit of 6213490741?
1
What is the thousands digit of 42786373?
6
What is the hundred millions digit of 3890079191?
8
What is the hundreds digit of 38664630?
6
What is the tens digit of 1578579184?
8
What is the hundred millions digit of 391394187?
3
What is the hundred thousands digit of 924523055?
5
What is the hundreds digit of 21106257?
2
What is the units digit of 2531648725?
5
What is the units digit of 27964862?
2
What is the hundreds digit of 450158583?
5
What is the ten millions digit of 44283576?
4
What is the millions digit of 3388355?
3
What is the millions digit of 416465042?
6
What is the hundred millions digit of 577652928?
5
What is the ten thousands digit of 280245397?
4
What is the hundred thousands digit of 76126734?
1
What is the ten thousands digit of 116831930?
3
What is the thousands digit of 5041873941?
3
What is the thousands digit of 484350823?
0
What is the units digit of 171527800?
0
What is the thousands digit of 7626798619?
8
What is the ten millions digit of 1256088120?
5
What is the billions digit of 6939301653?
6
What is the hundred thousands digit of 162804063?
8
What is the hundred thousands digit of 430845374?
8
What is the ten millions digit of 5720501319?
2
What is the thousands digit of 55020464?
0
What is the thousands digit of 433615869?
5
What is the hundreds digit of 949391229?
2
What is the hundreds digit of 766474236?
2
What is the thousands digit of 5656685455?
5
What is the tens digit of 14978402?
0
What is the hundred thousands digit of 42286622?
2
What is the hundred millions digit of 474129359?
4
What is the ten thousands digit of 138677358?
7
What is the hundred millions digit of 2374359916?
3
What is the hundreds digit of 4866809248?
2
What is the thousands digit of 919194229?
4
What is the tens digit of 341747299?
9
What is the units digit of 1583508940?
0
What is the tens digit of 534582798?
9
What is the units digit of 1867418?
8
What is the hundreds digit of 40475977?
9
What is the ten thousands digit of 15030456?
3
What is the ten millions digit of 297662842?
9
What is the ten thousands digit of 913991877?
9
What is the hundreds digit of 86643177?
1
What is the tens digit of 2502337908?
0
What is the hundreds digit of 1811222?
2
What is the hundred millions digit of 131622199?
1
What is the hundreds digit of 226207642?
6
What is the tens digit of 95405805?
0
What is the millions digit of 23140964?
3
What is the tens digit of 25498727?
2
What is the millions digit of 26400275?
6
What is the millions digit of 2368227752?
8
What is the hundred thousands digit of 11301591?
3
What is the tens digit of 69058060?
6
What is the hundreds digit of 83298606?
6
What is the hundreds digit of 348412010?
0
What is the hundred thousands digit of 1160210874?
2
What is the millions digit of 56260229?
6
What is the units digit of 8421688?
8
What is the millions digit of 780648909?
0
What is the millions digit of